150.
30
Let v = -26865 + 13939. Let i = v - -35246. Let t be i/100 + 4/5. Calculate the greatest common divisor of 28 and t.
28
Let k be 3 + ((-2)/5)/(5/25). Suppose 4*q - 6*q - b = 1, -1 = -3*q + b. Let c be 16/(-8)*(q + -1). Calculate the highest common factor of c and k.
1
Suppose -136*n - 6480 = -151*n. Suppose -132*d + 135*d - n = 0. Calculate the greatest common factor of 48 and d.
48
Let d(c) = -c**2 + 29*c - 96. Let r be d(22). Suppose -2*w - 9 + r = -3*b, 4*w = -2*b + 74. Calculate the greatest common factor of w and 220.
20
Let q(d) = d**3 + 12*d**2 + 12*d + 5. Let f be q(-11). Let j(z) = 13*z**2 - 35*z - 20. Let v be j(f). Calculate the highest common factor of 28 and v.
14
Suppose -5*x = -0*x - 5785. Let f(l) = -2279*l + 6850. Let k be f(3). What is the greatest common divisor of x and k?
13
Let o(q) = -5 + 0*q**3 + 2*q**3 - 7*q + 0*q + 6. Let t be o(3). Let s = -3 + t. What is the greatest common factor of 31 and s?
31
Suppose 172 = 2*z + 5*i, 33*i = 38*i + 20. What is the greatest common factor of 872 and z?
8
Let u = -174 + 175. Let l be u*(-4)/(-16) + 455/4. What is the highest common divisor of l and 76?
38
Let v = -1688 + 1738. Calculate the greatest common factor of 245 and v.
5
Suppose 33*j = 91*j + 15*j - 61612. What is the greatest common factor of j and 8?
4
Let f be (-279)/(-6) - 1/2. Suppose -797 = -5*v - 4*a, -v + 24*a - 29*a = -151. Calculate the greatest common factor of v and f.
23
Let s = 448 - -1415. What is the highest common divisor of s and 69?
69
Suppose -1999 = -2*t + 3*v, -111*t + 2039 = -109*t + 5*v. Calculate the greatest common divisor of 342 and t.
19
Let k be ((-23)/69)/((0 + -1)/(-1839)). Let a = k + 632. Suppose 2*l + 95 = 3*l. Calculate the highest common factor of a and l.
19
Suppose 0 = 3*z - n - 72, -4*z - 4*n + 58 + 38 = 0. Suppose 0 = -7*m - m - 1928. Let a = -225 - m. What is the highest common divisor of z and a?
8
Suppose 3*q - 975 = 8*q. Let g be (-5)/(q/(-6)) + (-275)/(-13). Let p = 7 + -4. Calculate the greatest common factor of g and p.
3
Suppose 0 = 33*i - 19*i - 462. Suppose 0 = -10*t - 13 + i. What is the greatest common factor of t and 6?
2
Suppose -4*q + 10598 = 2*v, q - 63*v - 2632 = -67*v. Calculate the greatest common divisor of q and 1088.
68
Let i = 88 + 264. What is the highest common divisor of 22 and i?
22
Let s = -402 + 429. Let l be 283 - 4/(4 - 0). Suppose 933 = 5*d - l. What is the highest common factor of s and d?
27
Let o(l) = -953*l**3 + 5*l**2 - 4. Let n be o(-2). Let d be n/36 + 4/(-18). Calculate the greatest common factor of 159 and d.
53
Let m(f) = 12 + 23*f - 18 - 31*f. Let t be (-11)/3 + (-5)/15. Let o be m(t). What is the greatest common divisor of o and 286?
26
Suppose 0*p + 5*p - 2619 = 3*g, -4*p - g = -2102. Suppose c = 4*z - p, 2*z + 255 = 4*z - 3*c. Calculate the highest common divisor of z and 88.
44
Suppose -40*a + 54*a = 10458. What is the greatest common divisor of a and 36?
9
Suppose -2*k = -210 + 68. Suppose 65*p = k*p - 180. Let s = 18 - 13. What is the greatest common factor of s and p?
5
Suppose -3*g + 2*w = 2*g - 36, w + 6 = g. Suppose g*f - 50 = 3*f. Suppose -3*a - 23 = -t - 1, 54 = 2*t + 4*a. Calculate the greatest common divisor of t and f.
5
Suppose 5*q - 4*p - 136583 = 0, 2*q - 2*p - 8809 - 45825 = 0. What is the highest common factor of q and 90?
45
Let g = 12840 - 12823. Calculate the greatest common divisor of g and 12937.
17
Suppose 65184*u = 65190*u - 150. Let p be 5/(-3)*(-1 + -26). Calculate the greatest common factor of p and u.
5
Let f(o) = -2 + 8 + 19*o - 3 + 1. Let s be f(-10). Let u = s - -285. What is the highest common divisor of 9 and u?
9
Let p(b) be the second derivative of 1/3*b**4 - 3*b + 0 - 7/2*b**2 - b**3 + 1/20*b**5. Let x be p(-3). What is the greatest common factor of 4 and x?
4
Let w(x) = -x**2 - 93*x - 676. Let f be w(-8). Calculate the greatest common factor of f and 772.
4
Let n be (115/20 + -5)*308/7 + -10. Let z be 115*(1 - 0/(-2)). Calculate the greatest common factor of n and z.
23
Let z(k) = -160*k**2 + 4587. Let o be z(0). Calculate the highest common factor of o and 99.
33
Let u = 472 - 475. Let l be 3 + -3 + -5 + (-918)/u. What is the greatest common divisor of l and 14?
7
Suppose 4*t = 5*w - 625, 65*t = -4*w + 68*t + 500. Let z be ((-10)/4)/((-2)/4). Calculate the highest common factor of z and w.
5
Suppose -4 + 10 = 3*d. Suppose -w = -20 - d. Let r be (-121)/(-6) + 2 - (-21)/(-126). What is the highest common divisor of r and w?
22
Let d be ((-36)/(-15))/((-9)/(-60)). Let p be (256 - -2) + -4 + 2. What is the greatest common divisor of d and p?
16
Suppose -b = 3*w - 49, -b - 6 + 40 = -2*w. Let m = 41 - b. Let v(u) = 28*u**2 + 2*u - 3. Let t be v(m). What is the greatest common factor of 3 and t?
3
Suppose -1618*j + 1615*j + 819 = 0. Let v = j - 271. What is the highest common divisor of v and 178?
2
Let m(p) = 6*p**2 + 105*p - 327. Let o be m(-21). What is the highest common divisor of 11172 and o?
114
Let w(i) = i**2 + 7*i - 14. Let l be w(2). Let z be l*(-1 + -3 + (-92)/(-16)). Calculate the greatest common divisor of z and 21.
7
Suppose 914*w - 1048*w + 1474 = 0. Let t be 106/((-2)/(-1)) + -1. Suppose -t = -3*f + 113. What is the highest common factor of f and w?
11
Let v be (-1)/(-1) + 48073 - (57 - (98 - 39)). Calculate the highest common divisor of v and 68.
68
Let v(l) = 160*l**2 + 8*l + 8. Let g be v(-1). Let r = 290 - g. What is the greatest common divisor of 40 and r?
10
Let u = -210 + 312. Let a = -626 + 644. Calculate the highest common divisor of a and u.
6
Suppose 117*c - 121*c = 0. Suppose -2*z + 3*z - 2 = 0, c = -2*h + 4*z + 1000. Calculate the highest common factor of 16 and h.
8
Let t(y) = y**2 + 24*y + 129. Let w be t(-22). Let p(v) = 34*v**3 + v**2 - 1. Let r be p(1). Calculate the highest common factor of w and r.
17
Let c(j) = j**3 - 5*j**2 + 4. Let r be c(6). Let t be 46292/142 + 6*-1. What is the highest common divisor of t and r?
40
Suppose 0 = -10*h + 120 + 540. What is the greatest common divisor of h and 246?
6
Let w = 688 - -41. What is the highest common factor of 9 and w?
9
Suppose 31*g - 36*g + 4095 = 5*y, -3*y = -3*g + 2487. Let j = 1495 - g. Calculate the greatest common divisor of 61 and j.
61
Suppose -980*j - 56 = -982*j. Let k(g) = -2*g + 24. Let h be k(7). Suppose -u + o - 2*o = -h, u - 6 = o. Calculate the greatest common divisor of j and u.
4
Let t(k) = k**3 - 14*k**2 + 15*k - 23. Suppose 4*v - 29 = -3*h + 8, -v + 4*h + 33 = 0. Let f be t(v). Calculate the highest common factor of 4 and f.
1
Let t = 50 + 38. Let a = 42912 - 42910. Calculate the highest common factor of a and t.
2
Suppose 4*f + 127*v - 9495 = 132*v, 0 = -f + 5*v + 2355. What is the greatest common factor of 350 and f?
70
Let t = -3083 - -3453. Calculate the highest common factor of t and 30.
10
Let a(h) = -h**3 + 72*h**2 - 108*h - 157. Let d be a(69). Calculate the greatest common factor of 188 and d.
94
Let p(v) = 223*v**3 - v**2 - 3*v + 1. Let w be p(1). What is the greatest common divisor of w and 132?
44
Suppose 184 = v + 56. Let t = -62 + 45. Let u = t - -33. Calculate the greatest common factor of u and v.
16
Let o(x) = -x**3 - 9*x**2 + 7*x + 1239. Let j be o(-28). What is the highest common factor of j and 506?
253
Let y(c) = -c**3 + 14*c**2 + 16*c - 8. Let z be y(15). Suppose -118 = -z*w + 6*w. Let k = w + -103. What is the greatest common factor of k and 10?
5
Let k(t) = -3*t**3 + 134*t**2 + 57*t + 149. Let n be k(45). What is the greatest common divisor of n and 318?
53
Let u be -1 + (-898)/6 - 32/(-48). Let n be (-8 + u/(-4))/(4/24). Calculate the highest common divisor of 413 and n.
59
Let w(m) = 2*m**3 + 171*m**2 - 84*m + 193. Let d be w(-86). Calculate the greatest common divisor of 12 and d.
3
Let d(o) = 5*o + 1. Let t be d(3). Suppose t = 3*h + h - 4*p, 5*h - 20 = -3*p. Calculate the greatest common factor of 92 and h.
4
Suppose 0 = -3*c - 2*y - 9, -2*c - y + 1 = -2*y. Let z be 2 + 1 - (1 + c). Let o = z - 1. Calculate the highest common divisor of 14 and o.
2
Let n = -37 + -3. Let p be (0 - (-4)/6)*(n + 58). What is the greatest common divisor of p and 30?
6
Let j be (2/(-4) - 0)/((-28784)/(-2880) + -10). Calculate the greatest common divisor of j and 1290.
30
Suppose 3866 + 